{"id":23,"date":"2019-08-12T10:49:09","date_gmt":"2019-08-12T10:49:09","guid":{"rendered":"http:\/\/guadarramariodearena.org\/?page_id=23"},"modified":"2024-01-22T13:16:19","modified_gmt":"2024-01-22T13:16:19","slug":"publicaciones-de-interes","status":"publish","type":"page","link":"https:\/\/guadarramariodearena.org\/index.php\/publicaciones-de-interes","title":{"rendered":"DOCUMENTACI\u00d3N"},"content":{"rendered":"\n<p>Os presentamos algunas publicaciones, enlaces de inter\u00e9s y fichas did\u00e1cticas sobre diversas tem\u00e1ticas ambientales e hist\u00f3ricas que guardan relaci\u00f3n con el Parque Regional del Curso Medio del R\u00edo Guadarrama y su entorno.<\/p>\n","protected":false},"excerpt":{"rendered":"<p>Os presentamos algunas publicaciones, enlaces de inter\u00e9s y fichas did\u00e1cticas sobre diversas tem\u00e1ticas ambientales e hist\u00f3ricas que guardan relaci\u00f3n con el Parque Regional del Curso Medio del R\u00edo Guadarrama y su entorno.<\/p>\n","protected":false},"author":1,"featured_media":0,"parent":0,"menu_order":0,"comment_status":"closed","ping_status":"closed","template":"","meta":{"footnotes":""},"_links":{"self":[{"href":"https:\/\/guadarramariodearena.org\/index.php\/wp-json\/wp\/v2\/pages\/23"}],"collection":[{"href":"https:\/\/guadarramariodearena.org\/index.php\/wp-json\/wp\/v2\/pages"}],"about":[{"href":"https:\/\/guadarramariodearena.org\/index.php\/wp-json\/wp\/v2\/types\/page"}],"author":[{"embeddable":true,"href":"https:\/\/guadarramariodearena.org\/index.php\/wp-json\/wp\/v2\/users\/1"}],"replies":[{"embeddable":true,"href":"https:\/\/guadarramariodearena.org\/index.php\/wp-json\/wp\/v2\/comments?post=23"}],"version-history":[{"count":5,"href":"https:\/\/guadarramariodearena.org\/index.php\/wp-json\/wp\/v2\/pages\/23\/revisions"}],"predecessor-version":[{"id":3125,"href":"https:\/\/guadarramariodearena.org\/index.php\/wp-json\/wp\/v2\/pages\/23\/revisions\/3125"}],"wp:attachment":[{"href":"https:\/\/guadarramariodearena.org\/index.php\/wp-json\/wp\/v2\/media?parent=23"}],"curies":[{"name":"wp","href":"https:\/\/api.w.org\/{rel}","templated":true}]}}