{"id":606,"date":"2020-03-31T12:01:14","date_gmt":"2020-03-31T12:01:14","guid":{"rendered":"http:\/\/guadarramariodearena.org\/?page_id=606"},"modified":"2020-03-31T12:01:14","modified_gmt":"2020-03-31T12:01:14","slug":"red-de-sendas","status":"publish","type":"page","link":"https:\/\/guadarramariodearena.org\/index.php\/red-de-sendas","title":{"rendered":"RED DE SENDAS"},"content":{"rendered":"\n<p>Facilitamos a continuaci\u00f3n bibliograf\u00eda sobre la Red de Sendas del Parque Regional del Curso Medio del r\u00edo Guadarrama y su entorno.<\/p>\n\n\n\n<ul><li><a rel=\"noreferrer noopener\" href=\"https:\/\/guadarramariodearena.org\/wp-content\/uploads\/2019\/09\/NO2-La-red-de-sendas-del-Parque-Regional-del-Curso-Medio-del-rio-Guadarrama.pdf\" target=\"_blank\">La red de sendas del Parque Regional del Curso Medio del r\u00edo Guadarrama y su Entorno<\/a>. Jos\u00e9 Mar\u00eda Gonz\u00e1lez Alcalde. Revist FORESTA.<\/li><\/ul>\n","protected":false},"excerpt":{"rendered":"<p>Facilitamos a continuaci\u00f3n bibliograf\u00eda sobre la Red de Sendas del Parque Regional del Curso Medio del r\u00edo Guadarrama y su entorno. La red de sendas del Parque Regional del Curso Medio del r\u00edo Guadarrama y su Entorno. Jos\u00e9 Mar\u00eda Gonz\u00e1lez Alcalde. Revist FORESTA.<\/p>\n","protected":false},"author":1,"featured_media":0,"parent":0,"menu_order":0,"comment_status":"closed","ping_status":"closed","template":"","meta":{"footnotes":""},"_links":{"self":[{"href":"https:\/\/guadarramariodearena.org\/index.php\/wp-json\/wp\/v2\/pages\/606"}],"collection":[{"href":"https:\/\/guadarramariodearena.org\/index.php\/wp-json\/wp\/v2\/pages"}],"about":[{"href":"https:\/\/guadarramariodearena.org\/index.php\/wp-json\/wp\/v2\/types\/page"}],"author":[{"embeddable":true,"href":"https:\/\/guadarramariodearena.org\/index.php\/wp-json\/wp\/v2\/users\/1"}],"replies":[{"embeddable":true,"href":"https:\/\/guadarramariodearena.org\/index.php\/wp-json\/wp\/v2\/comments?post=606"}],"version-history":[{"count":1,"href":"https:\/\/guadarramariodearena.org\/index.php\/wp-json\/wp\/v2\/pages\/606\/revisions"}],"predecessor-version":[{"id":607,"href":"https:\/\/guadarramariodearena.org\/index.php\/wp-json\/wp\/v2\/pages\/606\/revisions\/607"}],"wp:attachment":[{"href":"https:\/\/guadarramariodearena.org\/index.php\/wp-json\/wp\/v2\/media?parent=606"}],"curies":[{"name":"wp","href":"https:\/\/api.w.org\/{rel}","templated":true}]}}

<p>Facilitamos a continuación bibliografía sobre la Red de Sendas del Parque Regional del Curso Medio del río Guadarrama y su entorno.</p>



<ul><li><a rel="noreferrer noopener" href="https://guadarramariodearena.org/wp-content/uploads/2019/09/NO2-La-red-de-sendas-del-Parque-Regional-del-Curso-Medio-del-rio-Guadarrama.pdf" target="_blank">La red de sendas del Parque Regional del Curso Medio del río Guadarrama y su Entorno</a>. José María González Alcalde. Revist FORESTA.</li></ul>

<p>Facilitamos a continuación bibliografía sobre la Red de Sendas del Parque Regional del Curso Medio del río Guadarrama y su entorno. La red de sendas del Parque Regional del Curso Medio del río Guadarrama y su Entorno. José María González Alcalde. Revist FORESTA.</p>
