{"id":74,"date":"2019-08-20T08:22:09","date_gmt":"2019-08-20T08:22:09","guid":{"rendered":"http:\/\/guadarramariodearena.org\/?page_id=74"},"modified":"2024-09-04T11:22:15","modified_gmt":"2024-09-04T11:22:15","slug":"educacion-especial","status":"publish","type":"page","link":"https:\/\/guadarramariodearena.org\/index.php\/educacion-especial","title":{"rendered":"EDUCACI\u00d3N ESPECIAL"},"content":{"rendered":"<div class=\"wp-block-image\">\n<figure class=\"alignleft is-resized\"><img loading=\"lazy\" decoding=\"async\" width=\"556\" height=\"456\" src=\"https:\/\/guadarramariodearena.org\/wp-content\/uploads\/2023\/02\/AguaBiodeversidad.jpg\" alt=\"\" class=\"wp-image-2633\" style=\"width:125px;height:103px\" srcset=\"https:\/\/guadarramariodearena.org\/wp-content\/uploads\/2023\/02\/AguaBiodeversidad.jpg 556w, https:\/\/guadarramariodearena.org\/wp-content\/uploads\/2023\/02\/AguaBiodeversidad-300x246.jpg 300w, https:\/\/guadarramariodearena.org\/wp-content\/uploads\/2023\/02\/AguaBiodeversidad-329x270.jpg 329w\" sizes=\"(max-width: 556px) 100vw, 556px\" \/><\/figure><\/div>\n\n\n<p><strong>EJE TEM\u00c1TICO: Agua + Biodiversidad<\/strong><\/p>\n\n\n\n<p><\/p>\n\n\n\n<p>Mamacocha para los incas, Tefnut en la mitolog\u00eda egipcia, Danu en la religi\u00f3n hind\u00fa\u2026 En todas las culturas, los seres humanos hemos venerado el elemento agua en forma de deidades, ya que es crucial para la vida. En el Parque Regional del r\u00edo Guadarrama, el r\u00edo es el eje vertebrador de sus ecosistemas. Sin embargo, a veces desconocemos los impactos que los seres humanos generamos en los ecosistemas acu\u00e1ticos, y nos olvidamos de su cuidado sobreexplotando los recursos h\u00eddricos y contaminando los r\u00edos, mares y acu\u00edferos.<\/p>\n\n\n\n<p><strong>En las actividades, aprenderemos<\/strong>:<br>\u2022 \u00bfQu\u00e9 especies de seres vivos habitan el r\u00edo Guadarrama y su entorno?<br>\u2022 \u00bfQu\u00e9 colores conforman sus paisajes? \u00bfC\u00f3mo suenan sus bosques? \u00bfA qu\u00e9<br> huelen sus riberas? \u00bfQu\u00e9 tacto tienen sus arenas? \u00bfSon fr\u00edas sus aguas?<br>\u2022 \u00bfA qu\u00e9 problemas se enfrentan los animales y plantas del r\u00edo Guadarrama?<br>\u2022 \u00bfC\u00f3mo podemos tomar acci\u00f3n para cuidar mejor de nuestras aguas?<\/p>\n\n\n\n<h3 class=\"wp-block-heading\">TALLER \u201cM\u00d3JATE POR EL GUADARRAMA\u201d<\/h3>\n\n\n\n<p>Bajo las aguas del r\u00edo Guadarrama sumergida, una antigua maleta misteriosa emergi\u00f3 para mostrarnos algunos de los tesoros que alberga este entorno natural protegido. Conoce la fauna y la flora que habita los paisajes en torno a sus riberas, as\u00ed como la importancia para el mantenimiento de la vida de un ecosistema acu\u00e1tico limpio y cuidado. Adem\u00e1s, reflexiona sobre los impactos que tus acciones cotidianas tienen sobre el agua, y aprende a reducirlos.<\/p>\n\n\n\n<p><strong>LUGAR DE DESARROLLO<\/strong>: Aula del centro escolar<br><strong>DURACI\u00d3N<\/strong>: 50 minutos<\/p>\n\n\n\n<p><a href=\"https:\/\/guadarramariodearena.org\/wp-content\/uploads\/2024\/09\/FICHA-DIDACTICA-MOJATE-POR-EL-GUADARRAMA.pdf\" target=\"_blank\" rel=\"noreferrer noopener\">Descargar ficha did\u00e1ctica descriptiva del taller<\/a><\/p>\n\n\n\n<h3 class=\"wp-block-heading\">SALIDA AL PARQUE REGIONAL \u201cBA\u00d1O DE ARENAS\u201d<\/h3>\n\n\n\n<p>A lo mejor has visitado nuestro Parque Regional de una manera convencional, has paseado por sus bonitos entornos y te has hecho una foto para el recuerdo delante del r\u00edo. \u00bfTe gustar\u00eda redescubrir este ecosistema sumergi\u00e9ndote en un ba\u00f1o de bosque? Cierra los ojos y presta atenci\u00f3n, \u00bfeso que has o\u00eddo es un c\u00e1rabo? Acaricia el paisaje y huele su ribera. \u00a1Vente con nosotras y despierta tus sentidos! Descubrir\u00e1s la otra cara del Guadarrama.<\/p>\n\n\n\n<p><strong>LUGAR DE DESARROLLO<\/strong>: \u00c1rea Recreativa Puente del Retamar<br><strong>RECORRIDO Y DURACI\u00d3N<\/strong>: Ruta lineal de aproximadamente 1 km. 2 horas<\/p>\n\n\n\n<p><a href=\"https:\/\/guadarramariodearena.org\/wp-content\/uploads\/2024\/09\/FICHA-DIDACTICA-BANO-DE-ARENAS.pdf\" target=\"_blank\" rel=\"noreferrer noopener\">Descargar ficha did\u00e1ctica descriptiva de la Salida al Parque Regional<\/a><\/p>\n","protected":false},"excerpt":{"rendered":"<p>EJE TEM\u00c1TICO: Agua + Biodiversidad Mamacocha para los incas, Tefnut en la mitolog\u00eda egipcia, Danu en la religi\u00f3n hind\u00fa\u2026 En todas las culturas, los seres humanos hemos venerado el elemento agua en forma de deidades, ya que es crucial para la vida. En el Parque Regional del r\u00edo Guadarrama, el r\u00edo es el eje vertebrador de sus ecosistemas. Sin embargo, a veces desconocemos los impactos que los seres humanos generamos en los ecosistemas acu\u00e1ticos, y nos olvidamos de su cuidado&#8230;<\/p>\n<p class=\"read-more\"><a class=\"btn btn-default\" href=\"https:\/\/guadarramariodearena.org\/index.php\/educacion-especial\"> Leer m\u00e1s<span class=\"screen-reader-text\">  Leer m\u00e1s<\/span><\/a><\/p>\n","protected":false},"author":1,"featured_media":0,"parent":0,"menu_order":0,"comment_status":"closed","ping_status":"closed","template":"","meta":{"footnotes":""},"_links":{"self":[{"href":"https:\/\/guadarramariodearena.org\/index.php\/wp-json\/wp\/v2\/pages\/74"}],"collection":[{"href":"https:\/\/guadarramariodearena.org\/index.php\/wp-json\/wp\/v2\/pages"}],"about":[{"href":"https:\/\/guadarramariodearena.org\/index.php\/wp-json\/wp\/v2\/types\/page"}],"author":[{"embeddable":true,"href":"https:\/\/guadarramariodearena.org\/index.php\/wp-json\/wp\/v2\/users\/1"}],"replies":[{"embeddable":true,"href":"https:\/\/guadarramariodearena.org\/index.php\/wp-json\/wp\/v2\/comments?post=74"}],"version-history":[{"count":26,"href":"https:\/\/guadarramariodearena.org\/index.php\/wp-json\/wp\/v2\/pages\/74\/revisions"}],"predecessor-version":[{"id":3558,"href":"https:\/\/guadarramariodearena.org\/index.php\/wp-json\/wp\/v2\/pages\/74\/revisions\/3558"}],"wp:attachment":[{"href":"https:\/\/guadarramariodearena.org\/index.php\/wp-json\/wp\/v2\/media?parent=74"}],"curies":[{"name":"wp","href":"https:\/\/api.w.org\/{rel}","templated":true}]}}

EDUCACIÓN ESPECIAL

<div class="wp-block-image">
<figure class="alignleft is-resized"><img loading="lazy" decoding="async" width="556" height="456" src="https://guadarramariodearena.org/wp-content/uploads/2023/02/AguaBiodeversidad.jpg" alt="" class="wp-image-2633" style="width:125px;height:103px" srcset="https://guadarramariodearena.org/wp-content/uploads/2023/02/AguaBiodeversidad.jpg 556w, https://guadarramariodearena.org/wp-content/uploads/2023/02/AguaBiodeversidad-300x246.jpg 300w, https://guadarramariodearena.org/wp-content/uploads/2023/02/AguaBiodeversidad-329x270.jpg 329w" sizes="(max-width: 556px) 100vw, 556px" /></figure></div>


<p><strong>EJE TEMÁTICO: Agua + Biodiversidad</strong></p>



<p></p>



<p>Mamacocha para los incas, Tefnut en la mitología egipcia, Danu en la religión hindú… En todas las culturas, los seres humanos hemos venerado el elemento agua en forma de deidades, ya que es crucial para la vida. En el Parque Regional del río Guadarrama, el río es el eje vertebrador de sus ecosistemas. Sin embargo, a veces desconocemos los impactos que los seres humanos generamos en los ecosistemas acuáticos, y nos olvidamos de su cuidado sobreexplotando los recursos hídricos y contaminando los ríos, mares y acuíferos.</p>



<p><strong>En las actividades, aprenderemos</strong>:<br>• ¿Qué especies de seres vivos habitan el río Guadarrama y su entorno?<br>• ¿Qué colores conforman sus paisajes? ¿Cómo suenan sus bosques? ¿A qué<br> huelen sus riberas? ¿Qué tacto tienen sus arenas? ¿Son frías sus aguas?<br>• ¿A qué problemas se enfrentan los animales y plantas del río Guadarrama?<br>• ¿Cómo podemos tomar acción para cuidar mejor de nuestras aguas?</p>



<h3 class="wp-block-heading">TALLER “MÓJATE POR EL GUADARRAMA”</h3>



<p>Bajo las aguas del río Guadarrama sumergida, una antigua maleta misteriosa emergió para mostrarnos algunos de los tesoros que alberga este entorno natural protegido. Conoce la fauna y la flora que habita los paisajes en torno a sus riberas, así como la importancia para el mantenimiento de la vida de un ecosistema acuático limpio y cuidado. Además, reflexiona sobre los impactos que tus acciones cotidianas tienen sobre el agua, y aprende a reducirlos.</p>



<p><strong>LUGAR DE DESARROLLO</strong>: Aula del centro escolar<br><strong>DURACIÓN</strong>: 50 minutos</p>



<p><a href="https://guadarramariodearena.org/wp-content/uploads/2024/09/FICHA-DIDACTICA-MOJATE-POR-EL-GUADARRAMA.pdf" target="_blank" rel="noreferrer noopener">Descargar ficha didáctica descriptiva del taller</a></p>



<h3 class="wp-block-heading">SALIDA AL PARQUE REGIONAL “BAÑO DE ARENAS”</h3>



<p>A lo mejor has visitado nuestro Parque Regional de una manera convencional, has paseado por sus bonitos entornos y te has hecho una foto para el recuerdo delante del río. ¿Te gustaría redescubrir este ecosistema sumergiéndote en un baño de bosque? Cierra los ojos y presta atención, ¿eso que has oído es un cárabo? Acaricia el paisaje y huele su ribera. ¡Vente con nosotras y despierta tus sentidos! Descubrirás la otra cara del Guadarrama.</p>



<p><strong>LUGAR DE DESARROLLO</strong>: Área Recreativa Puente del Retamar<br><strong>RECORRIDO Y DURACIÓN</strong>: Ruta lineal de aproximadamente 1 km. 2 horas</p>



<p><a href="https://guadarramariodearena.org/wp-content/uploads/2024/09/FICHA-DIDACTICA-BANO-DE-ARENAS.pdf" target="_blank" rel="noreferrer noopener">Descargar ficha didáctica descriptiva de la Salida al Parque Regional</a></p>

<p>EJE TEMÁTICO: Agua + Biodiversidad Mamacocha para los incas, Tefnut en la mitología egipcia, Danu en la religión hindú… En todas las culturas, los seres humanos hemos venerado el elemento agua en forma de deidades, ya que es crucial para la vida. En el Parque Regional del río Guadarrama, el río es el eje vertebrador de sus ecosistemas. Sin embargo, a veces desconocemos los impactos que los seres humanos generamos en los ecosistemas acuáticos, y nos olvidamos de su cuidado&#8230;</p>
<p class="read-more"><a class="btn btn-default" href="https://guadarramariodearena.org/index.php/educacion-especial"> Leer más<span class="screen-reader-text">  Leer más</span></a></p>
